. What is the tens digit of r?
1
Let o be ((-18)/12)/(3/(-4)). Let q be o/8 + 19/4. Suppose -2*i + q*i = 6. What is the units digit of i?
2
Let v be -3*1/(-3)*0. Suppose 3*r - 9 = v, 0 = 2*t - 4*r + r + 17. Let s = t + 7. What is the units digit of s?
3
Suppose 4*o = 28 - 132. Let l = 23 - o. What is the units digit of l?
9
Suppose -770 = -9*b + 4*b. Suppose 3*m + 29 + 25 = 2*w, 5*w + 2*m = b. What is the units digit of w?
0
Let j = -12 + 8. Let n = j - -5. What is the units digit of n?
1
Suppose -7*r + 2*r = -110. What is the tens digit of r?
2
Let d be 58/18 + 2/(-9). Let n(q) = 6*q**2 + 2*q**3 + 1 - 9*q - q**d + 2*q**2. What is the units digit of n(-9)?
1
Suppose -4*z = -2*z + 10, -60 = -3*s + 3*z. Suppose s = t + 4*t. What is the units digit of t?
3
Suppose 5*d - 2*d + h - 17 = 0, 0 = -4*d - 2*h + 26. Suppose 41 + 11 = 4*q. Suppose -3*g + q = -d*g + 5*t, 2*t = -g + 8. What is the units digit of g?
2
Let m(r) = 2*r**2 - 3*r + 9. Let v be m(4). Suppose c - 2*n - v = 0, -4*c + 0*n + 96 = 2*n. What is the tens digit of c?
2
Suppose 2*a = 2, -3*r - 4*a = -4*r + 14. Suppose -r = -x - x. What is the units digit of x?
9
Let r(w) be the second derivative of 41*w**5/20 - w**2/2 + 10*w. What is the units digit of r(1)?
0
Suppose -2*k + 16 = 2*o, -o - 5*k = -2 - 26. Suppose 6 - 2 = h, 2*a + o*h = 64. What is the tens digit of a?
2
Suppose -4*i = -3*t - 768, 61 = i - 4*t - 144. Suppose -4*c - 8 = 0, 4*x - i = c - 63. What is the tens digit of x?
3
Suppose 5*l - 28 = -3. What is the units digit of l?
5
Suppose -c = -4*c - 6. What is the units digit of (-4)/c - 81/(-9)?
1
Let u(y) = 2*y**3 - 3*y**2 - y + 2. What is the units digit of u(2)?
4
Suppose 6 = -2*i + 5*i. Suppose 2*l - 6 = -i. Suppose -4*c + 0*n + 4*n = -52, 0 = c - l*n - 17. What is the units digit of c?
9
Let m(l) = 2*l + 1. Let w be m(-1). Let a(k) = -2*k**3 - 4*k**2 + k - 2. Let x(d) = -d**3 + d**2 + 1. Let h(f) = a(f) + 3*x(f). What is the units digit of h(w)?
4
Suppose -5*u - 2*o = -782, -3*u + 2*o + 375 = -91. What is the units digit of u?
6
Let v = 36 + 112. What is the hundreds digit of v?
1
Suppose 31 = 2*k - 5. What is the tens digit of k?
1
Suppose -b = -32 - 21. What is the units digit of b?
3
Suppose 58 = 9*w - 8*w. What is the units digit of w?
8
Let z(h) = -h**2 + 6*h - 3. Let g be z(5). Suppose 0*n = -g*n + 82. What is the tens digit of n?
4
Let c(s) = -2*s + 8. Let j(g) = 3*g - 9. Let t(a) = -5*c(a) - 4*j(a). What is the units digit of t(-6)?
8
Suppose -j - 4*j = -u - 55, -70 = -5*j - 2*u. What is the units digit of j?
2
Let y = -195 - -349. What is the hundreds digit of y?
1
Suppose -12 - 8 = -5*y. Let p be ((-9)/y)/((-6)/16). Suppose -p*r + 2*r = -32. What is the units digit of r?
8
Let y(l) = -l**2 + l + 5. Let m = -11 + 8. Let a(n) = -n**2 + 2*n + 6. Let j(z) = m*a(z) + 4*y(z). What is the units digit of j(-2)?
2
Let h be (2/(-6))/((-1)/66). Let s = h + -15. What is the units digit of s?
7
Let v be (8/12)/((-2)/(-6)). Suppose -5*g + 15 = 5*u, 5*u + 2*g + v*g - 20 = 0. What is the units digit of u?
8
Let n(q) = -q**3 + 5*q**2 - 2*q - 3. Let p = -6 - -9. What is the units digit of n(p)?
9
Let g(a) = -26 + 3*a**2 - a + 26. What is the tens digit of g(3)?
2
Let n(m) = 4*m**3 - m + 1. Let w be n(1). Suppose 3*a - w = -13. What is the units digit of (-1)/3*a*1?
1
Suppose -16*b + 1463 = -5*b. What is the hundreds digit of b?
1
Let u(j) = j**3 - j**2 - 3*j - 2. Suppose -15 = -3*w + 3*p, -5*w = -10*w + p + 17. What is the units digit of u(w)?
7
Let w(f) = -f**3 + 3*f**2 - 2*f + 2. Let j be w(2). Let c(p) = p**3 - 3*p**2 + 2*p - 1. Let h be c(j). What is the units digit of h/(-1) + (-5)/(-5)?
2
Let d = 8 + -4. What is the tens digit of (-66)/(-5) - d/20?
1
Suppose 0 = -3*k - 2*w + 2 + 9, 4*w - 20 = -4*k. Let c be 2/6*k*12. Suppose -34 = -8*x + 3*x - 4*p, 4*x = -c*p + 24. What is the units digit of x?
0
Suppose r - 3 + 2 = 0. Let u be (1/2)/(r/12). Let g = u + -4. What is the units digit of g?
2
Suppose -9*o + 4*o = -40. What is the units digit of o?
8
Let i(s) = -s**3 + s**2 - s + 15. Let v(n) = n**2 + 11*n + 10. Let m be v(-10). What is the tens digit of i(m)?
1
Let x(o) = -2*o**3 - 2*o**2 - 6. What is the tens digit of x(-3)?
3
Suppose 4*b + 58 - 414 = 0. What is the tens digit of b?
8
Let x = 103 - 3. Suppose -h = -6*h + x. Suppose s = 5*s - h. What is the units digit of s?
5
Suppose 12*i = 13*i - 62. What is the units digit of i?
2
Let x(w) = 4*w. What is the units digit of x(4)?
6
Suppose 3*b = -3*y - y + 29, -y - 4*b = -17. Suppose -5*i + k + 153 = 0, 3*i - y*k = 93 + 12. What is the tens digit of i?
3
Suppose -5*u + 12 = 2. What is the tens digit of -3 + (-4)/u*-13?
2
Let t(d) = d**3 + 4*d**2 - d - 2. Let k be t(-3). Suppose k + 34 = 4*f. What is the units digit of f?
1
Let a = -8 - -11. Suppose a*v - 20 = -2*v. Suppose -v*s = 0, 0*m = -5*m - 2*s + 55. What is the tens digit of m?
1
Let o be 6/(-12) - 38/(-4). Suppose -4*f - 3*v = -38 + o, f - 17 = -4*v. Suppose -z + c = 3*z - 25, f*c = z + 8. What is the units digit of z?
7
Let n(l) = -4 - 6*l + l + 3*l. Let u be n(3). Let f = u - -14. What is the units digit of f?
4
Let u = 6 + 0. Suppose -2*y - 5*h + 8 = 0, -5*h - u = -3*y + 31. What is the units digit of y?
9
Suppose -2*u - 2*u = 5*m - 21, -4*m - 12 = -4*u. Suppose 5*w = -2*f + 6 - m, 2*w = -2*f + 14. What is the tens digit of f?
1
Let v = 40 + 344. What is the hundreds digit of v?
3
Suppose 3*o - 79 = -x - 0*x, -5*o = -2*x - 139. Suppose -14 = -f + o. What is the tens digit of f?
4
Suppose 7*y - 168 = 3*y. Let g = -30 + y. What is the tens digit of g?
1
Let f = 10 - -3. Suppose q = f + 13. What is the tens digit of q?
2
Suppose -6*b + 2*b - 2*i = -72, 3*i = -6. Let x = -4 + b. What is the units digit of x?
5
Let a(z) = -z**2 + 6*z + 1. Let r be a(3). Let t = r + -2. What is the units digit of t?
8
Let v(y) be the first derivative of -2*y**2 + 3*y - 1. Let a be v(3). Let g = -2 - a. What is the units digit of g?
7
Suppose 2*d - 116 = -2*q - 2*d, q - d - 61 = 0. Suppose -t = 4*t - q. What is the units digit of t?
2
Let v(n) = -n**3 - n**2 - 7*n**3 + 2*n**3. Suppose 0*o - o = 1. What is the units digit of v(o)?
5
Suppose 3*b + m = 528, 0 = -5*b + 3*b - 2*m + 348. What is the tens digit of b?
7
Let d = -6 - 5. Let w = -3 - d. What is the units digit of w?
8
Suppose 4*s = -3*g + 20, s - 2*g + 4 = -s. Suppose 0 = 7*m - s*m - 80. Suppose 8 = 3*c - m. What is the units digit of c?
8
Let y(o) = 2*o + 9. Let v be y(-6). Let c = 9 + v. Let r = c - -2. What is the units digit of r?
8
Let y = -6 - -9. Suppose -3*n + 70 = m, 4*n - y*m = 75 + 27. Suppose -38 = -2*i + 5*r, 2*i + 2*i + 3*r - n = 0. What is the units digit of i?
9
Let v be (1/3)/(8/72). What is the units digit of -1*v*11/(-3)?
1
Suppose 6*i - 457 = 29. What is the tens digit of i?
8
Suppose 4*y - 20 = 5*c, -6*c + 3*c = -y + 5. Let q(v) = v**3 + v. Let m be q(c). Suppose h = -2*l - 2*h + 28, m = 3*h - 6. What is the units digit of l?
1
Let l(r) = -3*r - 9. What is the tens digit of l(-15)?
3
Let x = -9 + 21. What is the units digit of x?
2
Let o = -1 + 1. Let t be 18/(-3) - (o - -1). Let i = t - -20. What is the tens digit of i?
1
Let w(o) = 5*o**2 + o + 13. What is the hundreds digit of w(5)?
1
Let z = 4 - 2. Suppose 2*b - 3*q + q - 4 = 0, -4*q = z*b + 2. What is the units digit of -3 - b*(-14 + 2)?
9
Let c = 3 + -24. What is the units digit of 52/14 + (-6)/c?
4
Let w(x) = 4*x**2 - 3*x - 5. Let l(n) = 3*n**2 - 4*n - 5. Let z(i) = -3*l(i) + 2*w(i). What is the tens digit of z(5)?
1
Let u be 1*4 + (-2)/1. Suppose -5 = -3*f + u*f. Let t = f + 0. What is the units digit of t?
5
Let q(d) = d**2 - 9*d + 5. What is the tens digit of q(11)?
2
Suppose 2*j + 608 = 7*j + 2*m, 3*j - 370 = 4*m. What is the tens digit of j?
2
Suppose 0 = -0*i + 3*i - 6. Suppose 5 = 5*f + 5*w - 0*w, 2 = f + i*w. Let c = 2 + f. What is the units digit of c?
2
Let i be (-7)/14*1*10. What is the units digit of (-504)/(-35) + (-3)/i?
5
Suppose 3*a = a - 6. Let d = a - -5. What is the units digit of ((d + -1)*-10)/(-2)?
5
Let b be (0 - 3)/((-12)/152). Suppose 0*w = r - 3*w - 20, -4*r - 2*w = -b. What is the units digit of r?
1
Let h be 10/(-15) - 256/(-6). Suppose -z + 0*z - 27 = -3*r, -h = -3*r - 4*z. What is the units digit of r?
0
Suppose -4*x - o + 